ors of 8703?
3, 967
What are the prime factors of 41758?
2, 20879
What are the prime factors of 12548?
2, 3137
What are the prime factors of 55560?
2, 3, 5, 463
What are the prime factors of 470?
2, 5, 47
List the prime factors of 10113.
3, 3371
What are the prime factors of 27274?
2, 13, 1049
What are the prime factors of 3206?
2, 7, 229
What are the prime factors of 4904?
2, 613
What are the prime factors of 371?
7, 53
List the prime factors of 39165.
3, 5, 7, 373
What are the prime factors of 1920?
2, 3, 5
List the prime factors of 39600.
2, 3, 5, 11
What are the prime factors of 2672?
2, 167
What are the prime factors of 244?
2, 61
What are the prime factors of 12177?
3, 11, 41
List the prime factors of 1961.
37, 53
What are the prime factors of 597?
3, 199
What are the prime factors of 15775?
5, 631
List the prime factors of 57.
3, 19
What are the prime factors of 14458?
2, 7229
List the prime factors of 11410.
2, 5, 7, 163
List the prime factors of 3721.
61
List the prime factors of 32414.
2, 19, 853
List the prime factors of 6750.
2, 3, 5
List the prime factors of 51460.
2, 5, 31, 83
What are the prime factors of 545?
5, 109
What are the prime factors of 95306?
2, 47653
What are the prime factors of 18702?
2, 3, 1039
List the prime factors of 1005.
3, 5, 67
List the prime factors of 69359.
43, 1613
List the prime factors of 6967.
6967
List the prime factors of 41704.
2, 13, 401
What are the prime factors of 33?
3, 11
List the prime factors of 1164.
2, 3, 97
List the prime factors of 2529.
3, 281
What are the prime factors of 39257?
37, 1061
What are the prime factors of 57787?
57787
What are the prime factors of 62876?
2, 11, 1429
List the prime factors of 19924.
2, 17, 293
List the prime factors of 3489.
3, 1163
What are the prime factors of 1482?
2, 3, 13, 19
List the prime factors of 579.
3, 193
What are the prime factors of 2813?
29, 97
List the prime factors of 3761.
3761
What are the prime factors of 4179?
3, 7, 199
List the prime factors of 1219.
23, 53
What are the prime factors of 53242?
2, 7, 3803
What are the prime factors of 4083?
3, 1361
What are the prime factors of 12233?
13, 941
List the prime factors of 55950.
2, 3, 5, 373
List the prime factors of 2863.
7, 409
What are the prime factors of 1158?
2, 3, 193
What are the prime factors of 149?
149
List the prime factors of 59912.
2, 7489
List the prime factors of 10092.
2, 3, 29
What are the prime factors of 8360?
2, 5, 11, 19
What are the prime factors of 2924?
2, 17, 43
List the prime factors of 18812.
2, 4703
What are the prime factors of 830?
2, 5, 83
What are the prime factors of 141213?
3, 103, 457
List the prime factors of 2113.
2113
What are the prime factors of 11648?
2, 7, 13
What are the prime factors of 53317?
11, 37, 131
What are the prime factors of 1917?
3, 71
What are the prime factors of 19531?
19531
List the prime factors of 5356.
2, 13, 103
List the prime factors of 1020.
2, 3, 5, 17
What are the prime factors of 11660?
2, 5, 11, 53
List the prime factors of 14467.
17, 23, 37
List the prime factors of 2304.
2, 3
What are the prime factors of 856?
2, 107
List the prime factors of 953.
953
List the prime factors of 6028.
2, 11, 137
List the prime factors of 2049.
3, 683
List the prime factors of 3884.
2, 971
What are the prime factors of 10091?
10091
List the prime factors of 907.
907
List the prime factors of 43679.
31, 1409
What are the prime factors of 7602?
2, 3, 7, 181
What are the prime factors of 533?
13, 41
List the prime factors of 2772.
2, 3, 7, 11
List the prime factors of 1633.
23, 71
What are the prime factors of 2859?
3, 953
What are the prime factors of 38872?
2, 43, 113
What are the prime factors of 2069?
2069
List the prime factors of 96998.
2, 11, 4409
What are the prime factors of 1563?
3, 521
List the prime factors of 10136.
2, 7, 181
What are the prime factors of 1356?
2, 3, 113
What are the prime factors of 1230?
2, 3, 5, 41
List the prime factors of 716.
2, 179
List the prime factors of 109.
109
What are the prime factors of 74363?
74363
What are the prime factors of 2748?
2, 3, 229
List the prime factors of 102813.
3, 43, 797
What are the prime factors of 31547?
31547
What are the prime factors of 78473?
97, 809
List the prime factors of 710.
2, 5, 71
List the prime factors of 2950.
2, 5, 59
List the prime factors of 62.
2, 31
List the prime factors of 13081.
103, 127
List the prime factors of 350.
2, 5, 7
What are the prime factors of 381?
3, 127
What are the prime factors of 95801?
95801
List the prime factors of 5020.
2, 5, 251
What are the prime factors of 10583?
19, 557
What are the prime factors of 57078?
2, 3, 7, 151
What are the prime factors of 2095?
5, 419
List the prime factors of 45925.
5, 11, 167
What are the prime factors of 1660?
2, 5, 83
What are the prime factors of 88868?
2, 13, 1709
List the prime factors of 4698.
2, 3, 29
List the prime factors of 5766.
2, 3, 31
List the prime factors of 38070.
2, 3, 5, 47
What are the prime factors of 1196?
2, 13, 23
List the prime factors of 1686.
2, 3, 281
List the prime factors of 4666.
2, 2333
What are the prime factors of 6394?
2, 23, 139
What are the prime factors of 50130?
2, 3, 5, 557
What are the prime factors of 441?
3, 7
List the prime factors of 1585.
5, 317
What are the prime factors of 6520?
2, 5, 163
List the prime factors of 1200.
2, 3, 5
List the prime factors of 800.
2, 5
List the prime factors of 1094.
2, 547
List the prime factors of 393.
3, 131
List the prime factors of 46274.
2, 17, 1361
What are the prime factors of 73894?
2, 36947
List the prime factors of 1354.
2, 677
List the prime factors of 869.
11, 79
What are the prime factors of 86413?
86413
List the prime factors of 3310.
2, 5, 331
What are the prime factors of 17311?
7, 2473
What are the prime factors of 470?
2, 5, 47
List the prime factors of 88.
2, 11
List the prime factors of 28326.
2, 3, 4721
What are the prime factors of 2935?
5, 587
What are the prime factors of 804?
2, 3, 67
What are the prime factors of 92420?
2, 5, 4621
What are the prime factors of 31697?
29, 1093
List the prime factors of 29651.
149, 199
What are the prime factors of 5102?
2, 2551
What are the prime factors of 54940?
2, 5, 41, 67
List the prime factors of 2570.
2, 5, 257
What are the prime factors of 14786?
2, 7393
What are the prime factors of 7513?
11, 683
What are the prime factors of 3146?
2, 11, 13
List the prime factors of 22887.
3, 2543
List the prime factors of 8404.
2, 11, 191
What are the prime factors of 17750?
2, 5, 71
List the prime factors of 7462.
2, 7, 13, 41
What are the prime factors of 1242?
2, 3, 23
What are the prime factors of 52026?
2, 3, 13, 23, 29
What are the prime factors of 1433?
1433
What are the prime factors of 4105?
5, 821
List the prime factors of 84668.
2, 61, 347
What are the prime factors of 18?
2, 3
List the prime factors of 41603.
41603
List the prime factors of 99.
3, 11
What are the prime factors of 2621?
2621
What are the prime factors of 505?
5, 101
What are the prime factors of 3128?
2, 17, 23
What are the prime factors of 7240?
2, 5, 181
List the prime factors of 910.
2, 5, 7, 13
List the prime factors of 21158.
2, 71, 149
What are the prime factors of 1118?
2, 13, 43
What are the prime factors of 55806?
2, 3, 71, 131
What are the prime factors of 22573?
22573
List the prime factors of 10438.
2, 17, 307
What are the prime factors of 6423?
3, 2141
List the prime factors of 12528.
2, 3, 29
List the prime factors of 1649.
17, 97
List the prime factors of 4373.
4373
List the prime factors of 14762.
2, 11, 61
What are the prime factors of 2247?
3, 7, 107
What are the prime factors of 109997?
29, 3793
What are the prime factors of 24993?
3, 2777
List the prime factors of 2068.
2, 11, 47
What are the prime factors of 4024?
2, 503
List the prime factors of 86452.
2, 21613
What are the prime factors of 83652?
2, 3, 6971
What are the prime factors of 8141?
7, 1163
What are the prime factors of 6445?
5, 1289
What are the prime factors of 23556?
2, 3, 13, 151
List the prime factors of 29183.
7, 11, 379
What are the prime factors of 42224?
2, 7, 13, 29
What are the prime factors of 39137?
7, 5591
What are the prime factors of 1261?
13, 97
List the prime factors of 58420.
2, 5, 23, 12